ighest common divisor of 193007 and 1419154.
257
Calculate the greatest common divisor of 252 and 27886068.
252
What is the greatest common factor of 3275 and 69583925?
3275
Calculate the highest common divisor of 821860 and 60385.
65
What is the greatest common divisor of 350 and 153629?
7
What is the highest common factor of 46233544 and 46081?
1589
Calculate the highest common factor of 1137540 and 11668.
4
What is the highest common factor of 4139 and 77887702?
4139
What is the greatest common divisor of 17470672 and 240?
16
Calculate the greatest common divisor of 10533006 and 66.
66
Calculate the highest common factor of 21 and 1060717.
7
What is the greatest common factor of 16721 and 15606509?
727
Calculate the greatest common divisor of 23386242 and 66.
66
What is the greatest common factor of 147135 and 15504?
51
Calculate the greatest common divisor of 1620 and 6401790.
90
What is the greatest common divisor of 419612 and 42412?
92
Calculate the highest common divisor of 37092286 and 154.
154
Calculate the highest common divisor of 4 and 1749892.
4
What is the greatest common factor of 1019 and 1117668751?
1019
Calculate the highest common divisor of 4546371 and 38157.
237
What is the greatest common factor of 196131 and 4702971?
4173
What is the greatest common factor of 6284109 and 94419?
10491
Calculate the greatest common divisor of 2 and 940732.
2
What is the highest common factor of 19016 and 1366?
2
What is the greatest common divisor of 13877600 and 220?
220
Calculate the greatest common divisor of 2747780 and 7714.
266
Calculate the highest common divisor of 2501996 and 1216.
76
Calculate the highest common factor of 1293567 and 6.
3
What is the greatest common factor of 5180 and 1533021?
259
What is the greatest common divisor of 601156751 and 988?
247
What is the highest common divisor of 1327383 and 3609?
9
What is the highest common factor of 504430 and 1095?
365
Calculate the highest common divisor of 91074 and 120228.
258
Calculate the greatest common factor of 159951088 and 176.
176
What is the greatest common divisor of 138 and 219913902?
138
What is the highest common factor of 339 and 320989947?
339
What is the greatest common factor of 4272 and 10528344?
2136
Calculate the highest common divisor of 10752733 and 249.
83
Calculate the greatest common factor of 2 and 35957906.
2
What is the highest common factor of 379838 and 911399?
1061
What is the greatest common factor of 18500200 and 245?
5
What is the highest common factor of 644 and 2698843?
161
Calculate the highest common factor of 58232 and 669320.
232
Calculate the highest common divisor of 705575448 and 648.
648
Calculate the highest common factor of 644 and 17432114.
322
Calculate the highest common divisor of 10892672 and 2240.
448
What is the greatest common factor of 5552 and 5584?
16
What is the greatest common divisor of 641725 and 60025?
175
Calculate the highest common factor of 9234 and 6670107.
243
Calculate the highest common factor of 18366135 and 2175.
435
Calculate the highest common factor of 43065 and 52515.
135
Calculate the greatest common divisor of 13642 and 587290.
38
Calculate the highest common divisor of 96708 and 37482409.
8059
What is the highest common factor of 1140323 and 5491?
19
Calculate the highest common divisor of 432 and 3557844.
108
What is the greatest common factor of 412216983 and 9?
9
Calculate the greatest common divisor of 264242288 and 272.
272
Calculate the greatest common divisor of 59986 and 567508.
674
Calculate the highest common divisor of 12054653 and 14443.
1313
Calculate the greatest common divisor of 545925 and 1175.
25
What is the highest common divisor of 1950 and 28775526?
78
What is the greatest common divisor of 15786687 and 350?
7
Calculate the greatest common factor of 8372961 and 26442.
1017
What is the greatest common divisor of 2784 and 315723?
87
Calculate the highest common factor of 2218608 and 9216.
144
What is the highest common factor of 383182 and 14433?
283
Calculate the highest common factor of 841 and 8387583.
29
What is the greatest common divisor of 651721 and 112?
7
What is the greatest common factor of 5131546 and 12565?
2513
Calculate the greatest common factor of 193 and 79004.
1
Calculate the highest common factor of 2063308 and 390.
26
Calculate the highest common factor of 2181 and 11667.
3
Calculate the greatest common divisor of 29600 and 147852.
148
What is the highest common divisor of 792 and 35379608?
88
Calculate the greatest common divisor of 4445143 and 113645.
3247
Calculate the greatest common factor of 375 and 39772500.
375
What is the greatest common factor of 1250 and 1466400?
50
What is the greatest common factor of 7456 and 3030631?
233
What is the greatest common divisor of 448229 and 24352?
761
What is the highest common factor of 13423490 and 2070?
230
What is the greatest common divisor of 77 and 1968557899?
77
Calculate the highest common divisor of 1093308 and 3348.
372
Calculate the highest common divisor of 6775 and 7739575.
25
Calculate the highest common divisor of 1949414932 and 9754.
9754
Calculate the greatest common divisor of 12 and 13362243.
3
What is the greatest common factor of 240 and 1905165?
15
What is the highest common factor of 2508 and 198655545?
627
What is the highest common factor of 3608 and 1013584?
88
Calculate the greatest common factor of 1110744 and 14904.
72
What is the greatest common factor of 7605651 and 5694?
219
Calculate the greatest common divisor of 25122 and 8326194.
318
What is the greatest common factor of 85770564 and 2244?
132
Calculate the greatest common factor of 68817 and 4731988.
3277
Calculate the greatest common divisor of 1338 and 17636624.
446
Calculate the highest common factor of 17446170 and 168.
42
Calculate the highest common factor of 6056940 and 29580.
1740
What is the greatest common factor of 1944 and 5760072?
1944
What is the highest common divisor of 1248 and 585216?
96
Calculate the highest common divisor of 2699604 and 762228.
1116
What is the greatest common divisor of 31124896 and 2112?
352
Calculate the greatest common divisor of 851634 and 238818.
4506
Calculate the greatest common factor of 16402 and 117038.
278
What is the greatest common divisor of 49555 and 146309680?
2915
Calculate the highest common divisor of 3094 and 3284060.
442
What is the highest common factor of 14216046 and 453?
453
Calculate the greatest common divisor of 130060 and 499802.
1858
Calculate the greatest common divisor of 38964 and 2575444.
764
Calculate the greatest common factor of 3564372 and 336.
84
Calculate the greatest common divisor of 26 and 20227012.
26
Calculate the greatest common divisor of 8690660 and 3580.
20
Calculate the highest common divisor of 48 and 1670952.
24
What is the greatest common factor of 106496024 and 8?
8
Calculate the highest common divisor of 243297054 and 154791.
17199
What is the highest common factor of 13082 and 10067654?
422
Calculate the greatest common factor of 16680 and 92112520.
5560
Calculate the highest common divisor of 129788 and 4577512.
284
Calculate the greatest common divisor of 3590 and 364496290.
3590
Calculate the highest common factor of 462 and 7733348.
14
Calculate the greatest common factor of 120100 and 1020.
20
What is the greatest common factor of 19837121 and 2375?
19
Calculate the greatest common factor of 1053 and 812721.
39
Calculate the greatest common divisor of 468069405 and 411.
411
What is the greatest common divisor of 10817 and 6192173?
373
What is the greatest common divisor of 58 and 124521505?
29
What is the greatest common factor of 439761733 and 1217?
1217
What is the greatest common factor of 1880 and 129368440?
1880
What is the highest common factor of 2304 and 161631?
9
What is the highest common factor of 3669900 and 11244?
12
Calculate the greatest common divisor of 4277696 and 5518.
178
What is the highest common divisor of 28236 and 41044284?
2172
What is the highest common divisor of 405985 and 5?
5
What is the highest common factor of 90 and 977067?
9
What is the greatest common divisor of 9679483 and 22?
11
Calculate the greatest common factor of 254809 and 163153.
19
Calculate the highest common factor of 1673 an